rmine t(s).
3
Suppose 5*f = 3 + 7. Suppose 5*q = -t + f*t + 4, -3*t + 28 = 5*q. Let g(u) = u**3 - 5*u**2 - 6*u - 2. What is g(t)?
-2
Let g(x) be the first derivative of 1 - 1/4*x**4 + x**3 + 2*x**2 + 4*x. What is g(4)?
4
Let t(m) = 5*m**2 - 5*m + 3. Let i(d) = 9*d**2 - 9*d + 6. Let o(a) = 4*i(a) - 7*t(a). Give o(3).
9
Let h(d) = -d**3 + d**2 - d + 4. Let g = 8 + -8. Suppose -j = -g*j. Determine h(j).
4
Let z = -6 - -2. Let h(m) be the second derivative of m**3/2 + m**2/2 + 202*m. Calculate h(z).
-11
Let h(f) = -f. Let s(a) = -2*a - 8. Let c(i) = h(i) - s(i). What is c(-6)?
2
Let n(r) be the second derivative of -r**3/3 + 5*r**2/2 + 28*r. What is n(4)?
-3
Let q(x) = x - 1. Suppose 0*y - 5*y = 30. Let a = -7 - y. What is q(a)?
-2
Let b(y) = -5*y**3 + 8*y**2 - 2*y. Let a(d) = 6*d**3 - 8*d**2 + 3*d. Let j(u) = 6*a(u) + 7*b(u). What is j(-7)?
21
Let k(g) = -1. Let t(l) = -4*l - 7. Let z(w) = -6*k(w) + t(w). Suppose -2*m + 5*v = 2*m - 1, 5*m = -5*v - 10. Give z(m).
3
Let f = 1 + -7. Let m(x) be the first derivative of -x**2 - 6*x - 82. Calculate m(f).
6
Suppose -2*a + 4 = -2. Let h(k) be the second derivative of -2*k**3/3 + k**2 + k. Let o(p) = 7*p - 4. Let l(j) = 5*h(j) + 3*o(j). Calculate l(a).
1
Let p(y) = y**3 - 3*y**2 + 1. Suppose 14 = 5*h + 3*j, -2*h - 7*j + 3*j = 0. Suppose -4*f = h*a, -2*a - f = -2 - 1. What is p(a)?
1
Suppose 2*u - u = 0. Suppose b = -h - h - 8, -4*h - 20 = u. Let p(f) be the second derivative of -f**5/20 + f**4/6 + f**3/2 - 3*f**2/2 + 4*f. Calculate p(b).
3
Let u(c) = c**3 + c**2 + 1. Let h(f) = 3*f - 4. Let t be h(4). Let p = -1 - -6. Suppose t = -p*r + r. What is u(r)?
-3
Let q(p) be the second derivative of -p**4/6 + 5*p**3/6 - 2*p**2 - 7*p. Calculate q(3).
-7
Let i(d) = d**2 - 2*d - 8. Let l(b) = 1. Let f(o) = i(o) + 5*l(o). What is f(4)?
5
Let s(v) = -v**3 - 6*v**2 - 8*v - 7. Suppose 5*i + 37 = 12. Give s(i).
8
Let i(u) = 3*u - 27. Let p(d) = 4*d - 40. Let q(g) = -7*i(g) + 5*p(g). Calculate q(-9).
-2
Let l(g) = g**3 - 2*g**2 - 2*g. Let o(v) = v + 10. Let d(u) = 2*u + 3. Let q be d(-5). Let c be o(q). Let y be l(c). Let b(p) = 2*p - 3. Determine b(y).
3
Let r(w) = w - 1 - 1 + 2*w. Let j be ((-2)/(0 + -2))/(16/64). Calculate r(j).
10
Suppose -3*n + 3 = 0, -2 = -4*f + 5*f - 4*n. Let p(d) be the first derivative of 4/3*d**3 - 1/2*d**2 + 5*d - f - 1/4*d**4. Give p(4).
1
Suppose 0 = 14*y - 9*y - 25. Let z(s) = -s**2 + 6*s - 2. What is z(y)?
3
Let f(q) be the first derivative of q**5/20 + 5*q**4/12 - 4*q**3/3 - 4*q**2 - 3*q + 4. Let b(r) be the first derivative of f(r). What is b(-6)?
4
Let b(c) be the first derivative of c**4/4 - 4*c**3/3 + c**2/2 + 3*c + 11. What is b(4)?
7
Let z(q) be the second derivative of 2*q**4/3 - q**3/6 - q**2/2 + 27*q. What is z(-1)?
8
Let h be -2 - (-1)/1*5. Let m(u) = u**3 + u + 1. Let c(q) = 2*q**3 - 4*q**2 + 2*q + 4. Let z(d) = h*m(d) - c(d). What is z(-4)?
-5
Let q(t) be the first derivative of t**3/3 + 9*t**2/2 + 8*t + 1. Suppose -6*c + 55 = 97. What is q(c)?
-6
Suppose 3*o - 2*g = -2*o + 6, -5*o + 3*g = -9. Suppose o*c + 4 = -2*c. Let r(j) be the first derivative of j**3/3 + 3*j**2/2 + 1. Give r(c).
-2
Let f(i) = i**2 - 2*i + 1. Let b be 12*(1/(-1))/(-1). Let m be (b/(-18))/(2/(-6)). Determine f(m).
1
Let b(z) be the first derivative of z**3/3 - z**2 - z + 6. Let m = -10 + 12. Determine b(m).
-1
Suppose 0 = i - 5*i + 28. Let m(u) = -u - 3. Let o(z) = -6*z - 18. Let h(p) = -34*m(p) + 6*o(p). Let n(k) = k + 3. Let a(w) = i*n(w) + 4*h(w). Determine a(3).
-6
Let r(q) = q**2 - 5*q - 4. Let c be r(6). Let x(m) = c*m**3 + 5*m - 2*m**3 - 5*m**2 + 5 + m**3 - 2*m. Calculate x(4).
1
Let i = 12 + -7. Suppose 3*q = i*b + 15, 4*q - 10 - 10 = -5*b. Let w(h) be the third derivative of h**4/24 + h**3/6 - h**2. What is w(q)?
6
Let w(y) = -y**3 + 5*y**2 - 4*y - 5. Let m be w(4). Suppose 17 = h + 15. Let d(q) = 2*q + h*q + 1 + q**2 - 2. Determine d(m).
4
Suppose -4*d - 14 = -5*u, -2*d + 0*d + 26 = 3*u. Let p be 0/u + (-2 - -1). Let j(z) = 8*z + 1. Determine j(p).
-7
Let j(d) = 1 + 4 - 3*d + 3*d**3 + 2*d**2 - 8*d**2. Let s(b) = 8*b**3 - 18*b**2 - 8*b + 15. Let y(c) = 11*j(c) - 4*s(c). Calculate y(-6).
1
Let w(o) = o - 8. Let c(v) = v**3 + 7*v**2 + 5*v - 5. Let i be c(-7). Let z be (i/(-25))/((-4)/(-10)). Calculate w(z).
-4
Let i be ((-6)/4)/(2/(-4)). Let m(f) = 1 - 1 + 2*f - f**2 - 1 + 7*f**i. Suppose -5 = -3*u - 2. Calculate m(u).
7
Let x = -8 - -5. Let q be (-4)/(-4) + -2 + -1. Let j(g) = g**3 - 3. Let f(y) = 3*y**3 + y**2 - 6. Let d(l) = q*f(l) + 5*j(l). Give d(x).
6
Let x(u) = -7*u**2 - 1. Let r(n) = n**2 - 4*n - 4. Let o be r(5). Let d = 2 + -2. Let j = d + o. What is x(j)?
-8
Let u(g) = -g**3 - 4*g**2 - 3*g + 2. Suppose -6*n + 3*n + a - 4 = 0, -3*a = 15. Determine u(n).
2
Let b(a) = -a**2 + 3*a + 4. Let t(u) = u**2 - 27*u + 30. Let g be t(26). What is b(g)?
0
Let f(w) = 6*w - 9. Let q(z) = 5*z - 9. Let p(u) = 4*f(u) - 5*q(u). Calculate p(7).
2
Let t(i) be the second derivative of i**4/12 + i**3 - 2*i**2 + 13*i. Give t(-3).
-13
Let u(o) = 6*o + 5 + 0*o - 2*o - o - o**2. Let c be 1 - ((-1 - 1) + -1). What is u(c)?
1
Let m be 1/(-4) + (-10)/(-24). Let q(k) be the second derivative of m*k**3 + 0*k**4 - 1/2*k**2 + k + 0 + 1/10*k**5. What is q(1)?
2
Let k(w) = w**3 - 3*w**2 - 4*w - 2. Let i be (-33)/(-3)*(-1)/(-1). Let b = i - 7. Give k(b).
-2
Let x(d) be the second derivative of 0*d**2 + 1/20*d**5 + 0 + 1/12*d**4 + 1/6*d**3 - 7*d. What is x(-2)?
-6
Let s(q) = -q**3 - q**2. Let i(l) = -2*l**3 - 4*l**2 - 4. Let f be i(-3). Suppose -5*x + 0 - 6 = 4*w, -w - f = -5*x. Let c be 9/(-6) - x/4. Calculate s(c).
4
Let d(o) = -o**2 + 2*o + 2. Let b be (2/4)/((-5)/(-150)). Let l = b + -11. Let t = l + 0. Determine d(t).
-6
Let f(m) = -m + 1. Let s(b) be the first derivative of b**3/3 - b**2 - b - 2. Let k be s(-1). Calculate f(k).
-1
Let l(r) = 6*r**3 + 2*r**2 - 6*r - 3. Let o(f) = 6*f**3 + 2*f**2 - 7*f - 4. Let d(k) = 5*l(k) - 4*o(k). Suppose -21 = -8*u - 13. Determine d(u).
7
Let s(b) = -3*b + 3. Let c be 2*1*(-115)/46. Calculate s(c).
18
Let r(y) = y + 6. Suppose 4*q = 2*q - 3*i + 29, -5*q + 20 = -3*i. Suppose 5*s + q = -4*m + 3, 0 = 2*m - 5*s + 32. What is r(m)?
0
Let v(m) = 0*m**2 - m + 6*m**2 - 4*m**3 + 6 + 3*m**3. Suppose 9*q - 5*q = -f + 23, -3*q = f - 17. Calculate v(q).
0
Let y(k) = -k**3 - 3*k**2 + 3*k + 2. Let q = -6 - -12. Let n be (-6)/((-15)/q + 4). Give y(n).
6
Let m(r) = -r**2 + r + 2. Let h(d) = -3 + 1 + 0*d - 3*d. Let v be h(-2). Suppose t - 4*o = 2*t + v, -4*t = -2*o - 2. Determine m(t).
2
Let j be 14/36 + -2*6/54. Let r(k) be the third derivative of -1/24*k**6 + 0 + 1/30*k**5 - j*k**3 + 0*k**4 + 0*k + 2*k**2. Determine r(-1).
6
Suppose -6*h = -3*h + 3. Let v(c) = 4*c - 9. Let q(m) = 2*m - 5. Let y(t) = 11*q(t) - 6*v(t). Give y(h).
1
Let k(z) = z**2 + 4. Suppose -4*u - 20 = -4*i, -3*u = 4*i + u + 20. What is k(i)?
4
Let y(n) = -n - 5. Let s be 0/(((-3)/(-1))/3). Calculate y(s).
-5
Let r(t) be the first derivative of t**3/3 + 3*t**2/2 + 2*t + 3. Determine r(-2).
0
Let q(z) = 3*z + 1. Let n be q(1). Let a(g) be the third derivative of -g**2 + 1/120*g**6 + 0*g - 1/12*g**5 + 1/2*g**3 + 0 + 0*g**n. Calculate a(5).
3
Let o(u) = -u**3 - 1. Let y(p) = -p**2 + 8*p**2 + 3*p**3 - 3*p**2 + 6*p + 0*p + 7. Let c(w) = -4*o(w) - y(w). Let k = 4 - -1. What is c(k)?
-8
Suppose 0 = -d + 2. Let g = -3 - -10. Let f(u) = 0*u - d*u + g*u - u**2 + 4. Give f(4).
8
Let h(j) be the first derivative of -3 + 1/4*j**4 + 3*j**2 - 7/3*j**3 + 6*j. Give h(6).
6
Suppose 4 = 2*b - 2. Let q(x) = x**b - 3 + 2 + 0 - 3*x + 2 - 2*x**2. Calculate q(3).
1
Let v be 352/40 + (-12)/(-10) + -2. Let w(z) = -z**2 + 7*z. Calculate w(v).
-8
Let v be ((-2 + 2)/(-1))/(-2). Let g(x) = -x**2 + x + v - 6*x**2 + 0. Calculate g(1).
-6
Suppose 0 = 3*z + 3*n, 4*z + 0*n = -3*n - 1. Let k = 3 + z. Let u(b) = -4 - k + 1 + 0*b - b. What is u(-4)?
-1
Let x be 3/12 + (-45)/(-12). Suppose x*z = 7*z + 3. Let g(d) = -2*d**2 + 4*d - 1. Let q(i) = -5*i**2 + 9*i - 2. Let f(r) = 9*g(r) - 4*q(r). Give f(z).
1
Let j(v) = v**2 + 5*v - 9. Let z(h) = -2*h**2 - 11*h + 19. Let o(x) = 13*j(x) + 6*z(x). Let d = 14 - 14. What is o(d)?
-3
Let k(c) be the second derivative of 0 + 7/2*c**2 - c + 1/6*c**3. Give k(-6).
1
Let h(f) be the first derivative of 3*f**3 - f**2/2 - 3. Suppose